 a(4). Suppose 3*v - 1089 = b + 2*b, -j*v = -2*b - 1827. Suppose -4*z = 83 - v. List the prime factors of z.
71
Let m = 256 + -634. Suppose -5*p = 2*a - 1065, -2*a - 5*p + 9*p + 1056 = 0. Let q = a + m. What are the prime factors of q?
2, 19
Suppose 5*c = c - 3*k + 19592, 0 = -c + 8*k + 4863. List the prime factors of c.
5, 11, 89
Suppose -3*o - 67 = 344. Let p = o + 67. Let t = 14 - p. What are the prime factors of t?
2, 3, 7
Let o = 39035 + -24406. List the prime factors of o.
14629
Suppose 0 = g + 2*i + 1225, g - 3*i + 4*i = -1222. Let q = -564 - g. List the prime factors of q.
5, 131
Let i(w) = -8*w**3 - 111*w**2 + 53*w + 34. What are the prime factors of i(-15)?
2, 79
Suppose -x + 2*b = -10, 0 = 7*x - 6*x - 5*b - 22. Let o be -1*x + 2 + 705. Suppose -3*j + o = 144. List the prime factors of j.
11, 17
Let j = 554 - 277. Let s = j - -16. What are the prime factors of s?
293
Let x(w) = w**3 + 80*w**2 - 113*w + 1365. What are the prime factors of x(-79)?
3, 11, 167
Suppose -4*o - 488 = -o - 5*h, -2*o - 308 = h. What are the prime factors of (-37388)/o - 4/6?
239
Suppose -j + 4541 = -4*c, -10*j + 22727 = -5*j + 2*c. What are the prime factors of j?
3, 5, 101
List the prime factors of (112208775/(-100))/(-49) + 3/12.
2, 5, 229
Let n(x) = -13*x - 22. Let w(k) = -6*k - 11. Let t(o) = -2*n(o) + 5*w(o). Suppose -4*c - 57 = 5*g - 0*g, 4*c + 47 = -3*g. List the prime factors of t(c).
3, 7
What are the prime factors of (-16)/44 + (-1042400)/(-110)?
2, 23, 103
Let g(y) = 15*y + 76. Let a = -36 + 7. Let k = a - -29. What are the prime factors of g(k)?
2, 19
What are the prime factors of (2 + (-290)/8)*(-6 + (-11 - 647))?
2, 83, 137
Let s = -54940 + 102747. List the prime factors of s.
47807
Let y = -7 - -7. Suppose 4*i - 80 - 28 = y. List the prime factors of 4689/i + 2/6 + 0.
2, 3, 29
Let o = -33 + 37. Suppose 0 = -2*i + 4 - o. Suppose 9*z - 13*z + 76 = i. List the prime factors of z.
19
Suppose 15*s + 0*s = -510. Suppose 4*y + 1078 = 26. Let o = s - y. What are the prime factors of o?
229
Let a be 1037/17 - (1 + 0). Suppose 15 = 2*s - 3*b - 9, 5*s + b - a = 0. List the prime factors of s.
2, 3
Let l be (-369810)/(-55) - 22/(-121). Suppose 826 = -6*v + l. What are the prime factors of v?
983
Let q be (-1)/6 + -1 - 7/(-42). Let r be (-10*2/(-6))/(q/3). List the prime factors of 24/r*15/(-2).
2, 3
Let v(c) = -c. Let o(i) = -9*i + 4. Let u(b) = -o(b) - 6*v(b). Let n be u(-2). Let s = 57 - n. List the prime factors of s.
7, 13
Let r(k) = -k**3 + 74*k**2 + 228*k + 136. What are the prime factors of r(72)?
2, 5, 673
Let o(i) = i**3 - i**2 + 3*i + 996. Let z be o(0). Suppose m - z = -2*d, -4*m - 2*d + 809 = -3181. What are the prime factors of m?
2, 499
Let p be 5 + (-12 + -51)/7. Let n(r) = 10 - 9 - 29*r - 22. What are the prime factors of n(p)?
5, 19
Let s = -7 - -7. Suppose 3*a - t - 41 = 43, -a - 3*t + 28 = s. Suppose 51 = -27*h + a*h. List the prime factors of h.
3, 17
Let p = -34595 + 52894. List the prime factors of p.
29, 631
Suppose 17*m = 260171 + 882484 - 364446. List the prime factors of m.
3, 15259
Let a = 1845 + -154. What are the prime factors of a?
19, 89
Let i(c) = 94*c**2 - 98*c - 1434. What are the prime factors of i(-17)?
2, 7, 19, 103
Suppose -q = -5*p + 30356, 2*p - 11*q = -7*q + 12146. What are the prime factors of p?
13, 467
Let y = -2533 + 1800. Let v = y + 1333. Suppose -4*i = 2*u - v, 0 = 5*i - 0*i - 2*u - 759. What are the prime factors of i?
151
Let b be 147/21*5/7. List the prime factors of -1*((-335)/1)/b.
67
Let h = -2509 + 5693. List the prime factors of h.
2, 199
Let s(i) = i**3 - 19*i**2. Let j be s(19). Suppose 0*t - t - 170 = -x, j = -2*x + 4*t + 344. Suppose 0*h = -6*h + x. What are the prime factors of h?
2, 7
Let q(m) = -421*m + 468. What are the prime factors of q(-9)?
3, 11, 43
Let d = -37 + 37. Suppose d = -0*o + o. Suppose -p + 84 = g, 3*p + g - 79 - 165 = o. What are the prime factors of p?
2, 5
Suppose -5*b = 5*x - 27775, -b + 26304 = 5*x - 1491. Suppose -4*y - 2*l + 4466 = 0, -5*l = -4*y - y + x. What are the prime factors of y?
5, 223
Let h = 9988 - 5474. List the prime factors of h.
2, 37, 61
Let v(a) be the first derivative of -16*a**2 - 19*a + 15. List the prime factors of v(-13).
397
Let q = 6281 - 2369. Suppose 7*i - 31*i = -q. List the prime factors of i.
163
Suppose 2*l = -5*h + 24191, -19*h + 16*h = -3. List the prime factors of l.
3, 29, 139
Let j be (6 - 5 - 3) + 136/(-4). What are the prime factors of (-23812)/j + (-24)/54?
661
Let g = 8236 + -795. What are the prime factors of g?
7, 1063
Suppose 16*y + 154 = -6. What are the prime factors of -10*(-424)/y*-1?
2, 53
Let n(v) = v**3 - 11*v**2 + 11*v - 8. Let k be n(10). Suppose 3*c - 29 = 2*t + 11, -k = -2*t. List the prime factors of c.
2, 7
Let s = 75922 + -36528. List the prime factors of s.
2, 19697
Suppose -3*f + u + 8 = 0, -u + 4 = 3*f - 0. Suppose f*v + 61 = -137. List the prime factors of 22/v + 920/9.
2, 3, 17
Suppose 0 = -4*c + 2*c + 4. Suppose -21 = -c*v - 5*v. Let n = 24 + v. List the prime factors of n.
3
Suppose 87194 + 29998 = 228*o. What are the prime factors of o?
2, 257
Let v(s) = -930*s - 1845. What are the prime factors of v(-6)?
3, 5, 83
Suppose 5*z = 2*o + 258, 3*z + 3*o - 160 = -o. Suppose -2*l = 0, -4*v + l + z = 4*l. Suppose v*k = 12*k + 35. List the prime factors of k.
5, 7
Let m be (-210)/(-13) + 28/(-182). Let n(o) = -15 + 25*o + 19*o**2 - 36*o**2 + m*o**2. What are the prime factors of n(19)?
3, 11
Suppose 3*g = -y - g - 12, 12 = -y + 2*g. Let m be (-8)/y + 28/3. Suppose 3*p - 8 = -4*d - p, -4*p = -2*d + m. List the prime factors of d.
3
Let q = -1002 + 1740. Let c = -152 + q. List the prime factors of c.
2, 293
Let h = 327 + 165. Suppose 0 = -2*c + 2*v + 1014, h = c + v + 3*v. Suppose -3*o - 5*n = -377, c = 4*o + 3*n + 16. List the prime factors of o.
7, 17
Let x = 12 + -9. Suppose -2*j - x*s + 395 = 0, 3*j + j = s + 755. Suppose -j = -5*u + 110. What are the prime factors of u?
2, 3, 5
Let k = -108 + 111. Let j(p) = 27 - 3*p**k + 29 - 2*p**2 - 46 + 8*p. What are the prime factors of j(-5)?
5, 59
Let c = 3836 + -3732. List the prime factors of c.
2, 13
Suppose -126*u = 3*p - 124*u - 74894, 5*p - 3*u = 124798. What are the prime factors of p?
2, 7, 1783
Suppose -4518 = -14*z + 14242. Suppose s + 1366 = q, z + 1407 = 2*q + 3*s. List the prime factors of q.
37
Suppose 309*g - 2572195 = 14*g + 1513260. List the prime factors of g.
11, 1259
Suppose 4*b - 5*i = 221, -2*b - 11 = -4*i - 117. Suppose 4*w - b = 1569. List the prime factors of w.
11, 37
What are the prime factors of (-10423520)/(-400) + (-4)/(-20)?
11, 23, 103
Let f = -14349 - -18313. List the prime factors of f.
2, 991
Let k be ((-1374)/(-5))/((-8)/(-20)). Let j(i) = -17*i - 696 + k + i. What are the prime factors of j(-7)?
103
Let n = 2204 - -3292. What are the prime factors of n?
2, 3, 229
Let v = 577 + 267. Suppose 9*b - 2114 = -5*h + 5*b, 2*b - v = -2*h. What are the prime factors of h?
2, 3, 71
Suppose -161*w - 366 = -155*w. List the prime factors of (w + 54)*(1 + -1 - 187).
7, 11, 17
Let x(b) = -b**2 + 8*b - 1. Let u be x(6). Suppose -13*t + 12*t = u. Let d(n) = -n**3 - 9*n**2 + 3*n - 14. List the prime factors of d(t).
3, 5, 13
Let a(m) be the second derivative of 6*m**3 - 21*m**2/2 + 2*m + 9. List the prime factors of a(5).
3, 53
Let x = -66 + 86. Let m(r) = -34*r + 8*r - 16 - x*r - 5*r. List the prime factors of m(-5).
239
Suppose 4*h + 3*n = -n + 88, 0 = -2*h - n + 48. Let x(j) = 26*j + 4. What are the prime factors of x(h)?
2, 5, 17
Let i(b) = 17345*b**2 + 502*b - 502. List the prime factors of i(1).
5, 3469
Let p be (-2 + 55)*(2 + 4) - 2. Suppose 13*q - 12*q = p. List the prime factors of q.
2, 79
Let r be -9 - (-32886)/(5 - -4). Suppose 8*j - r = 2059. What are the prime factors of j?
23, 31
Suppose 25936 = 67*w - 23*w - 28228. List the prime factors of w.
1231
Suppose 3*q - 4*z - 4 = -13, -5*q - 4*z = 15. Let v(y) = 2*y**3 + 2*y + 1. Let a be v(-1). What are the prime factors of 46 + (a - 2*q)?
7
Let d = -42169 - -65542. List the prime factors of d.
3, 7, 53
Suppose -9*r + 2*r = -126. Suppose -4*t = 2*x - 750, x = t - r - 162. What are the prime factors of t?
5, 37
Suppose 114*x - 234*x - 446056 = -128*x. List the prime factors of x.
13, 4289
Let z